 21. What is the highest common factor of 92 and s?
23
Suppose -l - l = n - 798, 5*l - 2000 = -5*n. Let h = 405 - l. Calculate the highest common factor of h and 133.
7
Suppose 20038*n - 20032*n - 12606 = 0. What is the highest common divisor of 66 and n?
11
Suppose 4*p - 19947 = 4*q - 57835, 5*q + 4*p = 47432. Calculate the greatest common factor of 600 and q.
120
Let h(a) = 3*a**2 + 233*a - 443. Let d be h(-80). What is the highest common factor of 923 and d?
13
Suppose -2*i + 20 = -4*b, 0*b = 5*b + 15. Suppose -64 + i = 6*w. Let m be 2/w - (14608/40)/(-11). Calculate the highest common divisor of m and 3.
3
Suppose 5*h - 4*x = -0*x + 67, -65 = -5*h + 5*x. Let i be 250/h - (-8)/(-12). Let y be (2 + -6)/(2/(-8)). Calculate the highest common factor of y and i.
16
Suppose -25*x = 4*i - 24*x + 5, -3*x - 15 = -5*i. Let a be (i/7 - -521) + -3. What is the greatest common factor of a and 148?
74
Suppose 2*p - 3 - 3 = 0. Let x = 478 + 162. Suppose -d = p*d - x. Calculate the highest common divisor of 16 and d.
16
Let a = 2448 - 1726. Let x = a + -378. Let v be -43*(12/18 - ((-56)/(-12) + -3)). Calculate the highest common factor of v and x.
43
Let d = -1384 - -1486. Calculate the greatest common divisor of 1139 and d.
17
Suppose -4*p + 2036 = 4*k, -3*k - p + 1574 - 53 = 0. Suppose -507*u + k*u = -9. What is the highest common factor of u and 27?
9
Suppose 0 = q - 4. Let z(h) = -132*h**2 + 5*h - 3. Let d be z(1). Let g = d - -142. What is the highest common divisor of g and q?
4
Let q be -592 + 1082 - 10*2. Calculate the highest common divisor of 10 and q.
10
Let n(x) = -64*x - 3. Let h be n(-2). Let k = 107 - 323. Let m = 241 + k. What is the highest common factor of h and m?
25
Let j = -267 - -136. Let b = 179 + j. Suppose 5*a - 178 = -3*w - 27, 0 = -5*a - 4*w + 148. Calculate the highest common factor of b and a.
16
Let i(l) = -l**3 - 19*l**2 - 116*l - 497. Let n be i(-14). Let y(c) = 2*c + 3. Let p be y(2). What is the highest common divisor of p and n?
7
Let h(p) = 17*p - 1. Let f be h(-11). Let t = f - -217. Calculate the greatest common factor of t and 406.
29
Suppose 0 = -49*r + 95323 - 37748. Suppose -50 = 5*f - r. Let t be 0 + 26 - (0 + 1). Calculate the highest common divisor of f and t.
25
Let j = 3343 - 3207. Calculate the greatest common divisor of j and 1666.
34
Suppose 3*r + f - 13655 = 0, -2*r - 59*f = -63*f - 9094. Calculate the greatest common factor of 369 and r.
123
Let j = 981 + -825. Calculate the highest common factor of 351 and j.
39
Suppose 0*d - 2*d = -32. Let t = 330 + -327. Suppose -t*w + w + 3*k = -54, 0 = w + 3*k - 18. Calculate the greatest common factor of d and w.
8
Suppose 19*k = 21*k - 2, 86 = 5*y + k. Suppose 49 = 3*a - 2*s - 55, -a + 12 = 5*s. Let i = a - y. What is the greatest common factor of i and 165?
15
Let m(w) = -6*w**2 + 140*w + 50. Let t be m(20). What is the highest common factor of t and 4410?
90
Let p be (-2800)/(-96) + 20/24. What is the highest common factor of 3750 and p?
30
Suppose 5*j - 2*j + 3 = 3*s, -5*j + 5 = -3*s. Let f = -71 - -50. Let u be 0 - 1*(1 + f). What is the greatest common factor of j and u?
4
Let m = 97783 + -97477. Let w = -6 + 24. Calculate the greatest common factor of w and m.
18
Suppose 16 = -0*m + m. Let f = 1199 + -717. Let u = f - 354. Calculate the highest common factor of u and m.
16
Suppose 4*i + 111*o - 3601 = 114*o, -3*i = -4*o - 2699. What is the greatest common factor of 34 and i?
17
Let u(h) = -h**3 + 6*h**2 + 2*h - 13. Let v be u(6). Let f be 22 + ((-5 - -1)*1)/v. Let p be ((-14)/(-8))/(1/104). What is the highest common factor of p and f?
26
Let b be (-28)/32 + 1 - 17/8. Let k be ((-27)/b - -1)/(5/10). Suppose 3*c - 38 = u, 2*c - k = -6*u + 3*u. Calculate the highest common factor of c and 26.
13
Suppose 486 + 606 = 7*p. Suppose 0*t - 3*t = -2*q - 155, -3*t + 3*q + p = 0. Suppose t*x = 54*x - 60. What is the highest common factor of 30 and x?
10
Suppose 57*z + 25*z = 25*z + 4275. Calculate the greatest common factor of 3225 and z.
75
Let a be -2 + 1 - -7 - 110418/(-77). Calculate the greatest common divisor of a and 225.
45
Let z(m) = 2*m**3 + 27*m**2 + 9*m - 3. Let l be z(-11). Suppose -l + 143 = -4*r. What is the highest common factor of 10 and r?
10
Let t = 5886 + -5766. Calculate the highest common factor of 930 and t.
30
Let t be 69 + -75 + 1*81. Calculate the greatest common factor of 5 and t.
5
Suppose -4 = -11*y + 7*y. Let a be ((0 + -1)/y)/1. Let t be a/4 + (-1383)/(-12). Calculate the highest common factor of t and 23.
23
Let k(y) = -10*y - 195. Let w be k(-22). Let p(f) = 8*f**2 - 3. Suppose -8 = -6*u + 8*u. Let j be p(u). Calculate the highest common factor of w and j.
25
Suppose 2*q - 128 = -2*w, 3*q - 199 = -4*w - 5. Suppose 4*v + 3*r - 378 = 0, -362 = -104*v + 100*v + 5*r. Calculate the greatest common factor of v and q.
31
Let r be (177/(-236))/(1/12) + 17. Let s(k) = 2*k + 1. Let m be s(5). What is the highest common factor of m and r?
1
Suppose 0 = 5*q - 3*t + 95, -3*q + t = -0*t + 61. Let z be (-1778)/q + 102/561. Calculate the greatest common divisor of z and 405.
81
Suppose q - 77*p + 75*p + 1 = 0, -2*p + 4 = 0. Let o be 14 - 12 - q - (-19 - 0). Calculate the highest common factor of o and 4.
2
Let z(y) = 6*y**2 - 4*y - 25. Suppose -5*d - 12 = -t, -4*t = 28 - 16. Let l be z(d). Calculate the greatest common factor of 164 and l.
41
Suppose -21*z + 1260 = -1596. Calculate the highest common divisor of 16 and z.
8
Let h = 518 - 349. Let u = -29 + 42. What is the highest common factor of h and u?
13
Let q(f) be the first derivative of f**4/4 - f**2 - 4*f + 60. Let l be q(3). Calculate the greatest common divisor of 17 and l.
17
Let r be -2 - 1470/(-46) - (-1)/23. What is the greatest common factor of r and 16125?
15
Suppose -18*q = -23*q + 3*o - 56, -4*q - 61 = 3*o. Let g(m) = -m**3 - 14*m**2 - 21*m - 24. Let x be g(q). What is the highest common factor of x and 48?
16
Let o be 11074/10 - 234/585. Calculate the greatest common divisor of o and 135.
27
Suppose -133 + 238 = 15*k. Suppose i - 5*i - 4*r = -804, 2*r - 197 = -i. Suppose -k*g + i - 79 = 0. Calculate the greatest common divisor of g and 30.
6
Let i be 2*(31/496 - (-3950)/32). Calculate the highest common divisor of i and 117.
13
Let p(t) = -t**3 - 15*t**2 + 21*t - 70. Let u be p(-16). Let o = 156 + u. Calculate the highest common factor of o and 21.
3
Suppose -3372 = -c + 5*h, -4*c - 1886 = -5*h - 15434. Calculate the highest common factor of c and 128.
64
Let i(p) = p**2 - 46*p - 55. Let a be i(-23). Suppose 4*n + a = 3*r, -1062 - 987 = -4*r - n. What is the highest common divisor of r and 16?
16
Let t = 248 - 254. Let o be 1800/108 + 10/t. Calculate the greatest common divisor of 75 and o.
15
Let b(h) = 2*h**2 - 40*h - 41. Let x be b(25). Let r = 225 - x. Suppose 25 + 295 = 5*t. Calculate the highest common divisor of t and r.
16
Let o(x) = 65*x + 1343. Let y be o(15). Calculate the highest common factor of y and 912.
38
Let l(x) = 16*x + 11 + 3 - 12 - 52. Let a be l(4). What is the greatest common divisor of 14 and a?
14
Suppose 4*w = 8*s - 5*s + 48240, -w + 12060 = 5*s. What is the highest common divisor of w and 18?
18
Let n(s) = 5*s**2 - 24*s - 17. Let g be n(7). What is the greatest common factor of g and 1230?
30
Let r = 39682 - 39649. Calculate the greatest common divisor of 407 and r.
11
Let p be 5 + 80255/7 - 3*(-6 + 5). Calculate the highest common factor of 77 and p.
77
Let x(u) = -38*u + 16. Let s(k) = -188*k + 80. Let o(b) = -5*s(b) + 24*x(b). Let g be o(4). What is the greatest common divisor of g and 128?
32
Let g(m) be the second derivative of -5*m**3/6 + 37*m**2 - 12*m. Let q be g(10). Calculate the greatest common factor of q and 204.
12
Let d = 599 - 435. Calculate the highest common factor of d and 943.
41
Suppose -11*z = 410 - 2104. What is the highest common factor of z and 176?
22
Let b(s) = -93*s + 13850. Let u be b(-41). Calculate the highest common divisor of u and 17.
17
Let b be (250/(-35) - -6)*(-462)/12. What is the greatest common divisor of 539 and b?
11
Let j(n) = -208*n - 1821. Let u be j(-9). Calculate the highest common factor of u and 6783.
51
Suppose 5*m = 545*s - 549*s + 1194, s + m - 300 = 0. Calculate the greatest common factor of 432 and